 -t + 22, 24 = t - x. Suppose 193 = 8*a + 121. What is the greatest common factor of t and a?
9
Suppose -5*o + 8*o - 9 = 0. Suppose -5*v + 14 = -16. Calculate the greatest common divisor of v and o.
3
Let a(y) = 6*y**2 - y - 2. Let g be a(3). Let m = -27 - -34. Calculate the highest common divisor of g and m.
7
Suppose 1 = 5*y + 6. Let p = y - -2. Suppose -29 = -2*j + p. Calculate the highest common factor of 60 and j.
15
Let h(f) = 40*f**2 - 1. Let g be h(1). Let l = g + -27. Let t(u) = u**2 - 13*u + 14. Let d be t(l). What is the greatest common factor of 2 and d?
2
Suppose 9*v = 6*v + 2061. Suppose -4*l + 5*n + v = 0, l - 5*n + 94 - 247 = 0. Let f = -52 + l. What is the highest common factor of f and 14?
14
Suppose -4 = -z, -4*o + 680 = -5*z + 7*z. What is the greatest common factor of 72 and o?
24
Suppose 4*g = -g + 10. Let n be (g/1)/(18/99). Suppose -11 = -2*r + r. What is the highest common factor of r and n?
11
Suppose 3*c - 4 = 2*c. Suppose -c*f - 9 = -5*g, -5*g = 2*f + f - 37. Let j be 110*((-2)/4 - -1). What is the greatest common factor of j and g?
5
Suppose -9 = 3*i, -2*n + 6*n + 4*i = 20. Suppose 0 = 6*f - n*f + 96. Calculate the greatest common factor of 16 and f.
16
Suppose 18*o = -345 + 2325. What is the highest common factor of o and 44?
22
Let l(s) = 4*s**2 - 55*s - 50. Let d be l(18). Calculate the highest common factor of d and 8.
8
Let d(h) = -2*h**2 - 14*h - 5. Let a be d(-6). Suppose -a*x = -2368 + 863. Calculate the greatest common factor of 86 and x.
43
Suppose 2 = 2*g + 3*k - 11, -10 = 5*g - k. Let j be ((-16)/(-5))/(g/(-15)). What is the greatest common divisor of j and 336?
48
Suppose -11*h - 484 = -1210. Calculate the highest common divisor of 429 and h.
33
Let y(w) = w**2 + 32*w + 165. Let v be y(-27). What is the greatest common divisor of 35 and v?
5
Let y = 1423 + -1395. Calculate the highest common divisor of 49 and y.
7
Let f be ((-24)/10)/((294/(-595))/14). What is the greatest common factor of 1292 and f?
68
Suppose 0 = 5*f - 564 - 541. Calculate the greatest common divisor of f and 13.
13
Suppose -5*z + 49 = -146. Suppose -11*u + z = -93. Calculate the highest common factor of u and 60.
12
Let c = 24 - 5. Let d = c - 6. What is the highest common divisor of 26 and d?
13
Suppose 6465*g - 6464*g - 14 = 0. What is the highest common factor of g and 119?
7
Let n be 28*(-2)/(-4) - 33/11. What is the greatest common divisor of n and 583?
11
Let w be 4/6 + (-3668)/(-42). Suppose -4*s + 5*s - w = 0. Let g be ((-22)/3)/(4/(-6)). Calculate the highest common factor of g and s.
11
Suppose -5*n + 72 + 338 = 0. Let s = n - 77. Calculate the highest common factor of s and 45.
5
Let f be -30 - -2373 - (0 + -9). What is the highest common divisor of 48 and f?
48
Let n be 12 + -8 + (0 - -8 - 2). What is the highest common divisor of 110 and n?
10
Let q(n) = n - 2*n**2 + n**2 + 16595 - 16588. Suppose p - 2*m + 2 + 0 = 0, 0 = 3*m - 3. Let l be q(p). Calculate the greatest common divisor of l and 7.
7
Let m = 5 + 2. Let x be (3 - m - -3)/1. Let z be 90*(8/(-20))/x. Calculate the greatest common factor of 18 and z.
18
Suppose -58 = -x + 3*f, -x = -3*x - f + 109. Let m = x + 1. Suppose 3*d + 2*a = 25, 28 = 3*d + 5*a - 3. Calculate the greatest common divisor of m and d.
7
Let q(v) = 463*v**3 + v**2 + 10*v - 10. Let a be q(1). What is the highest common factor of 29 and a?
29
Let n(d) = -d**2 - 16*d - 12. Let k be n(-14). Suppose 2*w - 14 = -2*y, -k + 5 = w - 5*y. Calculate the highest common factor of w and 20.
4
Let g be (((-216)/(-16))/9)/((-1)/44). Let v = -38 - g. Calculate the greatest common divisor of 4 and v.
4
Let a(r) = -r - 9. Let s be a(-9). Suppose 3*o - 3*x - 9 = -s*x, -4*o + 12 = 4*x. Let l(p) = 4*p. Let g be l(o). What is the greatest common divisor of 8 and g?
4
Let p = 368 - 349. Calculate the highest common factor of p and 76.
19
Let p = 117 - 85. Calculate the greatest common divisor of 2 and p.
2
Let x = -36 + 37. Let p(a) = 2*a**3 + 1. Let w be p(x). Calculate the highest common factor of w and 2.
1
Let k be (0 - (-5)/(-10))*-4. Suppose 268 = 5*t + 4*h + 27, 3*t = -k*h + 145. What is the highest common divisor of t and 7?
7
Let k be ((-7)/(98/(-80)))/((-28)/(-98)). Calculate the greatest common divisor of 140 and k.
20
Let c be (-7 - -1)/(2/(-12)). Calculate the highest common divisor of 8 and c.
4
Let h(a) = 4*a**3 - 3*a + a + 10*a**2 - 3*a**3 - 14. Let m be h(-10). Let u be (-12)/(-18) + 248/m. What is the highest common factor of 14 and u?
14
Let l(d) = 151*d**2 - d. Let h = -30 - -7. Let t = h + 24. Let o be l(t). What is the highest common divisor of 30 and o?
30
Let n be (-6)/(-15) + 10/(-25) + 38. What is the greatest common factor of 418 and n?
38
Let j be -6*(12/4)/(-6). Suppose r - j*r - 2*z + 40 = 0, -5*r + 85 = 2*z. Calculate the greatest common divisor of r and 150.
15
Let u be 2/9 + 97/9. Let v be (1386/(-21))/((-2)/9). What is the greatest common factor of u and v?
11
Let u(h) = h - 3. Let m be u(6). Suppose -2*q + 32 + 4 = 4*n, m*q - 3*n - 9 = 0. Let j = 82 + 6. What is the highest common factor of j and q?
8
Let b be (2 - -3)/5*-13. Let u = 43 - b. What is the greatest common divisor of u and 8?
8
Let x(h) = 246*h + 100. Let m be x(2). Calculate the greatest common factor of m and 74.
74
Suppose 3*x + 4*j = 15, -x - 54 = -6*x + 3*j. Suppose 3*q + 2*l + l + x = 0, -5*q - 3*l = 5. What is the highest common factor of 14 and q?
2
Suppose 20670 = 52*y - 22*y. Calculate the greatest common factor of y and 13.
13
Let r(x) = -3*x. Let q be r(-1). Let k(f) = -10 + 7*f - q*f + 2*f. Let h be k(4). What is the highest common factor of 7 and h?
7
Let z(x) = -26*x + 1. Let g be z(-10). Let a(j) = -j**3 - 10*j**2 - 2*j + 9. Let w be a(-10). Calculate the highest common factor of w and g.
29
Suppose -3*s = -5*b - 54, -4*s + 9*s + 3*b = 90. Let n be (27/s)/((-3)/(-28)). Let r = 4 + n. Calculate the highest common factor of 2 and r.
2
Suppose -12*d = -16*d + 8. Calculate the greatest common factor of 22 and d.
2
Let p = -38 + 40. Suppose 0 = -p*f - 10 + 52. Calculate the greatest common factor of 168 and f.
21
Let j(t) = t**3 - 11*t**2 + 31*t - 25. Let v be j(11). Calculate the greatest common divisor of 869 and v.
79
Let h = -46 - -82. Let s(l) = -2*l + 3. Let q be s(2). Let o be (-5 - 3)/(q + -1). What is the highest common divisor of o and h?
4
Suppose 2*g + 3*u = 7, -g + 2*u - 4 - 3 = 0. Let x = 13 + g. Let z(d) = -11*d + 24. Let v be z(0). Calculate the greatest common divisor of x and v.
12
Let z be 3*((1 - -1) + -1). Suppose s = -0*s + z. Let b be s - (5 - (1 + 2)). What is the greatest common divisor of b and 7?
1
Suppose 0 = c + 8*m - 3*m - 50, -3*c - 3*m = -102. What is the highest common factor of c and 270?
30
Let r be (-65)/(-10) + 1/(-2). Let m(b) = 5*b. Let n be m(6). What is the highest common divisor of r and n?
6
Let j = -57 + -62. Let w = 207 + j. Calculate the greatest common divisor of w and 8.
8
Suppose 13 = 5*n - 342. Suppose -f + 5*h = 2*f - n, -h = -3*f + 55. What is the greatest common factor of 34 and f?
17
Let n(h) = 2*h - 6. Let c be n(5). Suppose 3*d - 2*q = 10 + 8, 41 = c*d + 3*q. Let a be (-5831)/(-91) + 7/(-91). Calculate the highest common factor of d and a.
8
Let t = 18 - 13. Suppose 21 = t*g + 1. What is the highest common divisor of g and 20?
4
Let g be (-1346)/30*-1 - (-4)/30. What is the greatest common divisor of 375 and g?
15
Let v be ((-37)/(-3) - 3)*192/112. Calculate the highest common divisor of v and 512.
16
Suppose 16 + 8 = 4*o. Let s = o + -2. Let t(k) = k + 12. Let a be t(-6). What is the greatest common divisor of a and s?
2
Let a be 1*14 + 3/(-3). Suppose 5*s + 40 = 5*v, -17 = -4*v + 7*s - 6*s. Let d be v/(-48)*-1046 - 3/8. Calculate the highest common divisor of d and a.
13
Let q be (-1 + -1)/(-4*1/14). Let l(w) = -w + 29. Let g be l(q). Calculate the greatest common factor of 33 and g.
11
Let s = -1892 + 2030. What is the greatest common divisor of 9 and s?
3
Let u = 7 - 7. Suppose -b = 3*w + 2 - 10, u = -2*w. Let o(k) = 9*k**2 - k + 2. Let v be o(-2). Calculate the highest common divisor of b and v.
8
Let r(g) = 0*g**2 - 4*g + 6 - 1 + g**3 + 0*g**2 + 3*g**2. Let s be r(-4). Calculate the greatest common divisor of 40 and s.
5
Let y = 3 + 2. Let w(